d by 1359?
1289
Calculate the remainder when 116269982 is divided by 49.
38
Calculate the remainder when 980948 is divided by 264.
188
What is the remainder when 163796 is divided by 3644?
3460
What is the remainder when 13852571 is divided by 2308759?
17
What is the remainder when 8251291 is divided by 341?
114
What is the remainder when 42629 is divided by 31?
4
Calculate the remainder when 509127 is divided by 3203.
3053
Calculate the remainder when 24856690 is divided by 12428344.
2
What is the remainder when 703644241 is divided by 4999?
4997
Calculate the remainder when 3045816 is divided by 3045800.
16
Calculate the remainder when 2359026 is divided by 1009.
993
Calculate the remainder when 2405512 is divided by 2405489.
23
What is the remainder when 3140831 is divided by 43620?
191
What is the remainder when 1911522 is divided by 1172?
1162
What is the remainder when 27119 is divided by 5966?
3255
What is the remainder when 9964 is divided by 9862?
102
Calculate the remainder when 28290 is divided by 13683.
924
Calculate the remainder when 53704 is divided by 53619.
85
Calculate the remainder when 3001323 is divided by 286.
39
Calculate the remainder when 432950 is divided by 144294.
68
What is the remainder when 1611118 is divided by 178978?
316
Calculate the remainder when 31254650 is divided by 650.
50
Calculate the remainder when 78467283 is divided by 3923364.
3
Calculate the remainder when 11786918 is divided by 896.
38
What is the remainder when 7033387 is divided by 1534?
1531
What is the remainder when 152108 is divided by 616?
572
Calculate the remainder when 114249172 is divided by 288508.
4
Calculate the remainder when 809017 is divided by 62019.
2770
What is the remainder when 12953419 is divided by 117?
115
What is the remainder when 381423 is divided by 264?
207
Calculate the remainder when 67117311 is divided by 33558654.
3
Calculate the remainder when 7879566 is divided by 7086.
7020
What is the remainder when 9729546 is divided by 46?
40
Calculate the remainder when 6636481 is divided by 22270.
21
What is the remainder when 130293 is divided by 697?
651
What is the remainder when 968517 is divided by 404?
129
What is the remainder when 216531 is divided by 239?
236
What is the remainder when 1289283 is divided by 1793?
116
What is the remainder when 4285416 is divided by 84?
72
Calculate the remainder when 74377986 is divided by 1326.
1320
Calculate the remainder when 2803746 is divided by 2321.
2299
What is the remainder when 2965254 is divided by 514?
502
What is the remainder when 4559552 is divided by 168867?
143
What is the remainder when 1219167 is divided by 2551?
2340
What is the remainder when 164271 is divided by 52600?
6471
What is the remainder when 207744578 is divided by 41548913?
13
What is the remainder when 3134056 is divided by 190?
6
Calculate the remainder when 110154783 is divided by 27538688.
31
Calculate the remainder when 513144 is divided by 1788.
1776
What is the remainder when 97801949 is divided by 904?
901
Calculate the remainder when 644335 is divided by 232.
71
What is the remainder when 2890633 is divided by 20?
13
What is the remainder when 12989 is divided by 2856?
1565
What is the remainder when 21445495 is divided by 7228?
19
Calculate the remainder when 628099106 is divided by 27.
23
Calculate the remainder when 38065973 is divided by 59.
58
What is the remainder when 303625070 is divided by 303625067?
3
Calculate the remainder when 7743911 is divided by 322661.
47
Calculate the remainder when 5535535 is divided by 5535509.
26
Calculate the remainder when 170074628 is divided by 515.
513
What is the remainder when 4007 is divided by 1791?
425
What is the remainder when 2459432 is divided by 62?
16
Calculate the remainder when 31627 is divided by 4184.
2339
Calculate the remainder when 188792 is divided by 14368.
2008
What is the remainder when 45806 is divided by 245?
236
Calculate the remainder when 43977105 is divided by 1218.
1215
Calculate the remainder when 94968 is divided by 53.
45
Calculate the remainder when 187554 is divided by 51.
27
What is the remainder when 114656 is divided by 19107?
14
Calculate the remainder when 2039869 is divided by 154.
139
What is the remainder when 505013 is divided by 179?
54
What is the remainder when 233667 is divided by 8654?
9
Calculate the remainder when 18568003 is divided by 364.
363
What is the remainder when 471256237 is divided by 1456?
1453
Calculate the remainder when 31999989 is divided by 95.
94
Calculate the remainder when 8277875 is divided by 1034730.
35
What is the remainder when 1188591 is divided by 29709?
231
What is the remainder when 219321 is divided by 72463?
1932
What is the remainder when 48985 is divided by 2088?
961
Calculate the remainder when 4913597 is divided by 1480.
1477
Calculate the remainder when 41310065 is divided by 57.
56
What is the remainder when 506913691 is divided by 24?
19
Calculate the remainder when 159585 is divided by 79741.
103
Calculate the remainder when 2897774 is divided by 4351.
8
What is the remainder when 443042 is divided by 662?
164
What is the remainder when 92055933 is divided by 5?
3
What is the remainder when 2452327 is divided by 255?
247
What is the remainder when 3926665 is divided by 21?
1
What is the remainder when 336729 is divided by 67345?
4
What is the remainder when 225538 is divided by 7777?
5
What is the remainder when 69913 is divided by 17431?
189
What is the remainder when 56917 is divided by 11301?
412
Calculate the remainder when 2922016 is divided by 127043.
27
What is the remainder when 166663940 is divided by 1054835?
10
Calculate the remainder when 7697 is divided by 5426.
2271
Calculate the remainder when 3836370 is divided by 239772.
18
What is the remainder when 256798525 is divided by 4669064?
5
What is the remainder when 72267081 is divided by 914773?
14
Calculate the remainder when 82064109 is divided by 10.
9
What is the remainder when 3549846 is divided by 39?
27
Calculate the remainder when 1340515433 is divided by 586.
585
Calculate the remainder when 3810683 is divided by 49.
2
Calculate the remainder when 9499182 is divided by 368.
366
What is the remainder when 10210923 is divided by 2552722?
35
Calculate the remainder when 1424717 is divided by 474895.
32
Calculate the remainder when 4336684 is divided by 72278.
4
Calculate the remainder when 116202 is divided by 995.
782
Calculate the remainder when 51988517 is divided by 439.
381
Calculate the remainder when 8416901 is divided by 74.
67
What is the remainder when 100837 is divided by 25208?
5
What is the remainder when 124981275 is divided by 221598?
3
What is the remainder when 103259 is divided by 1377?
1361
Calculate the remainder when 371995953 is divided by 22.
21
Calculate the remainder when 756723 is divided by 5255.
3
Calculate the remainder when 34095796 is divided by 46.
44
What is the remainder when 134561 is divided by 13456?
1
Calculate the remainder when 50638003 is divided by 12669.
10
What is the remainder when 194408773 is divided by 207480?
13
Calculate the remainder when 201641 is divided by 33581.
155
What is the remainder when 309266 is divided by 507?
503
Calculate the remainder when 209655 is divided by 604.
67
What is the remainder when 94035 is divided by 7443?
4719
What is the remainder when 2105000 is divided by 300707?
51
Calculate the remainder when 39073356 is divided by 309.
306
What is the remainder when 2023349 is divided by 1435?
1434
What is the remainder when 50718 is divided by 251?
16
Calculate the remainder when 80846 is divided by 13462.
74
What is the remainder when 30495568 is divided by 210?
208
Calculate the remainder when 796416 is divided by 11206.
790
What is the remainder when 2814556 is divided by 1407278?
0
Calculate the remainder when 26132208 is divided by 287.
284
Calculate the remainder when 1069145 is divided by 168.
161
What is the remainder when 864889 is divided by 3089?
3058
What is the remainder when 174278956 is divided by 13?
7
Calculate the remainder when 503236 is divided by 97.
0
What is the remainder when 39966 is divided by 1848?
1158
What is the remainder when 261364239 is divided by 24?
15
Calculate the remainder when 